{"id":9262,"date":"2021-11-26T19:49:03","date_gmt":"2021-11-26T18:49:03","guid":{"rendered":"http:\/\/www.vollmundig.org\/vollmundig\/?page_id=9262"},"modified":"2025-09-23T17:26:29","modified_gmt":"2025-09-23T15:26:29","slug":"kontakt","status":"publish","type":"page","link":"https:\/\/www.vollmundig.org\/home\/kontakt\/","title":{"rendered":"KONTAKT"},"content":{"rendered":"\t\t<div data-elementor-type=\"wp-page\" data-elementor-id=\"9262\" class=\"elementor elementor-9262\">\n\t\t\t\t\t\t<section class=\"elementor-section elementor-top-section elementor-element elementor-element-1424d3b elementor-section-full_width elementor-section-height-default elementor-section-height-default\" data-id=\"1424d3b\" data-element_type=\"section\" data-e-type=\"section\">\n\t\t\t\t\t\t<div class=\"elementor-container elementor-column-gap-no\">\n\t\t\t\t\t<div class=\"elementor-column elementor-col-100 elementor-top-column elementor-element elementor-element-91ed78f\" data-id=\"91ed78f\" data-element_type=\"column\" data-e-type=\"column\">\n\t\t\t<div class=\"elementor-widget-wrap elementor-element-populated\">\n\t\t\t\t\t\t<div class=\"elementor-element elementor-element-e8d1b77 elementor-invisible elementor-widget elementor-widget-image\" data-id=\"e8d1b77\" data-element_type=\"widget\" data-e-type=\"widget\" data-settings=\"{&quot;_animation&quot;:&quot;fadeInUp&quot;}\" data-widget_type=\"image.default\">\n\t\t\t\t<div class=\"elementor-widget-container\">\n\t\t\t\t\t\t\t\t\t\t\t\t\t\t\t<img fetchpriority=\"high\" decoding=\"async\" data-attachment-id=\"14348\" data-permalink=\"https:\/\/www.vollmundig.org\/home\/leistungen\/default-25\/\" data-orig-file=\"https:\/\/i0.wp.com\/www.vollmundig.org\/home\/wp-content\/uploads\/2025\/09\/DJI_20240729204321_0197_D-e1758641146843.jpg?fit=1569%2C1177&amp;ssl=1\" data-orig-size=\"1569,1177\" data-comments-opened=\"1\" data-image-meta=\"{&quot;aperture&quot;:&quot;1.7&quot;,&quot;credit&quot;:&quot;&quot;,&quot;camera&quot;:&quot;FC8482&quot;,&quot;caption&quot;:&quot;default&quot;,&quot;created_timestamp&quot;:&quot;1722285801&quot;,&quot;copyright&quot;:&quot;&quot;,&quot;focal_length&quot;:&quot;6.72&quot;,&quot;iso&quot;:&quot;400&quot;,&quot;shutter_speed&quot;:&quot;0.0005&quot;,&quot;title&quot;:&quot;default&quot;,&quot;orientation&quot;:&quot;0&quot;}\" data-image-title=\"default\" data-image-description=\"\" data-image-caption=\"&lt;p&gt;default&lt;\/p&gt;\n\" data-medium-file=\"https:\/\/i0.wp.com\/www.vollmundig.org\/home\/wp-content\/uploads\/2025\/09\/DJI_20240729204321_0197_D-e1758641146843.jpg?fit=300%2C225&amp;ssl=1\" data-large-file=\"https:\/\/i0.wp.com\/www.vollmundig.org\/home\/wp-content\/uploads\/2025\/09\/DJI_20240729204321_0197_D-e1758641146843.jpg?fit=800%2C600&amp;ssl=1\" width=\"1569\" height=\"1177\" src=\"https:\/\/i0.wp.com\/www.vollmundig.org\/home\/wp-content\/uploads\/2025\/09\/DJI_20240729204321_0197_D-e1758641146843.jpg?fit=1569%2C1177&amp;ssl=1\" class=\"attachment-full size-full wp-image-14348\" alt=\"\" srcset=\"https:\/\/i0.wp.com\/www.vollmundig.org\/home\/wp-content\/uploads\/2025\/09\/DJI_20240729204321_0197_D-e1758641146843.jpg?w=1569&amp;ssl=1 1569w, https:\/\/i0.wp.com\/www.vollmundig.org\/home\/wp-content\/uploads\/2025\/09\/DJI_20240729204321_0197_D-e1758641146843.jpg?resize=300%2C225&amp;ssl=1 300w, https:\/\/i0.wp.com\/www.vollmundig.org\/home\/wp-content\/uploads\/2025\/09\/DJI_20240729204321_0197_D-e1758641146843.jpg?resize=1024%2C768&amp;ssl=1 1024w, https:\/\/i0.wp.com\/www.vollmundig.org\/home\/wp-content\/uploads\/2025\/09\/DJI_20240729204321_0197_D-e1758641146843.jpg?resize=768%2C576&amp;ssl=1 768w, https:\/\/i0.wp.com\/www.vollmundig.org\/home\/wp-content\/uploads\/2025\/09\/DJI_20240729204321_0197_D-e1758641146843.jpg?resize=1536%2C1152&amp;ssl=1 1536w\" sizes=\"(max-width: 800px) 100vw, 800px\" data-attachment-id=\"14348\" data-permalink=\"https:\/\/www.vollmundig.org\/home\/leistungen\/default-25\/\" data-orig-file=\"https:\/\/i0.wp.com\/www.vollmundig.org\/home\/wp-content\/uploads\/2025\/09\/DJI_20240729204321_0197_D-e1758641146843.jpg?fit=1569%2C1177&amp;ssl=1\" data-orig-size=\"1569,1177\" data-comments-opened=\"1\" data-image-meta=\"{&quot;aperture&quot;:&quot;1.7&quot;,&quot;credit&quot;:&quot;&quot;,&quot;camera&quot;:&quot;FC8482&quot;,&quot;caption&quot;:&quot;default&quot;,&quot;created_timestamp&quot;:&quot;1722285801&quot;,&quot;copyright&quot;:&quot;&quot;,&quot;focal_length&quot;:&quot;6.72&quot;,&quot;iso&quot;:&quot;400&quot;,&quot;shutter_speed&quot;:&quot;0.0005&quot;,&quot;title&quot;:&quot;default&quot;,&quot;orientation&quot;:&quot;0&quot;}\" data-image-title=\"default\" data-image-description=\"\" data-image-caption=\"&lt;p&gt;default&lt;\/p&gt;\n\" data-medium-file=\"https:\/\/i0.wp.com\/www.vollmundig.org\/home\/wp-content\/uploads\/2025\/09\/DJI_20240729204321_0197_D-e1758641146843.jpg?fit=300%2C225&amp;ssl=1\" data-large-file=\"https:\/\/i0.wp.com\/www.vollmundig.org\/home\/wp-content\/uploads\/2025\/09\/DJI_20240729204321_0197_D-e1758641146843.jpg?fit=800%2C600&amp;ssl=1\" \/>\t\t\t\t\t\t\t\t\t\t\t\t\t\t\t<\/div>\n\t\t\t\t<\/div>\n\t\t\t\t<div class=\"elementor-element elementor-element-61822c8 elementor-widget elementor-widget-spacer\" data-id=\"61822c8\" data-element_type=\"widget\" data-e-type=\"widget\" data-widget_type=\"spacer.default\">\n\t\t\t\t<div class=\"elementor-widget-container\">\n\t\t\t\t\t\t\t<div class=\"elementor-spacer\">\n\t\t\t<div class=\"elementor-spacer-inner\"><\/div>\n\t\t<\/div>\n\t\t\t\t\t\t<\/div>\n\t\t\t\t<\/div>\n\t\t\t\t<div class=\"elementor-element elementor-element-0b6b4ad elementor-widget elementor-widget-spacer\" data-id=\"0b6b4ad\" data-element_type=\"widget\" data-e-type=\"widget\" data-widget_type=\"spacer.default\">\n\t\t\t\t<div class=\"elementor-widget-container\">\n\t\t\t\t\t\t\t<div class=\"elementor-spacer\">\n\t\t\t<div class=\"elementor-spacer-inner\"><\/div>\n\t\t<\/div>\n\t\t\t\t\t\t<\/div>\n\t\t\t\t<\/div>\n\t\t\t\t\t<\/div>\n\t\t<\/div>\n\t\t\t\t\t<\/div>\n\t\t<\/section>\n\t\t\t\t<section class=\"elementor-section elementor-top-section elementor-element elementor-element-16fb3f1c elementor-section-boxed elementor-section-height-default elementor-section-height-default\" data-id=\"16fb3f1c\" data-element_type=\"section\" data-e-type=\"section\">\n\t\t\t\t\t\t<div class=\"elementor-container elementor-column-gap-default\">\n\t\t\t\t\t<div class=\"elementor-column elementor-col-100 elementor-top-column elementor-element elementor-element-111bd9e1\" data-id=\"111bd9e1\" data-element_type=\"column\" data-e-type=\"column\">\n\t\t\t<div class=\"elementor-widget-wrap elementor-element-populated\">\n\t\t\t\t\t\t<div class=\"elementor-element elementor-element-33d01397 elementor-widget elementor-widget-spacer\" data-id=\"33d01397\" data-element_type=\"widget\" data-e-type=\"widget\" data-widget_type=\"spacer.default\">\n\t\t\t\t<div class=\"elementor-widget-container\">\n\t\t\t\t\t\t\t<div class=\"elementor-spacer\">\n\t\t\t<div class=\"elementor-spacer-inner\"><\/div>\n\t\t<\/div>\n\t\t\t\t\t\t<\/div>\n\t\t\t\t<\/div>\n\t\t\t\t<div class=\"elementor-element elementor-element-60d02611 elementor-widget elementor-widget-heading\" data-id=\"60d02611\" data-element_type=\"widget\" data-e-type=\"widget\" data-widget_type=\"heading.default\">\n\t\t\t\t<div class=\"elementor-widget-container\">\n\t\t\t\t\t<h4 class=\"elementor-heading-title elementor-size-default\">Lust, gemeinsam Ideen zum Leben zu erwecken? <\/h4>\t\t\t\t<\/div>\n\t\t\t\t<\/div>\n\t\t\t\t\t<\/div>\n\t\t<\/div>\n\t\t\t\t\t<\/div>\n\t\t<\/section>\n\t\t\t\t<section class=\"elementor-section elementor-top-section elementor-element elementor-element-6ba172d elementor-section-boxed elementor-section-height-default elementor-section-height-default\" data-id=\"6ba172d\" data-element_type=\"section\" data-e-type=\"section\">\n\t\t\t\t\t\t<div class=\"elementor-container elementor-column-gap-default\">\n\t\t\t\t\t<div class=\"elementor-column elementor-col-100 elementor-top-column elementor-element elementor-element-84f0927\" data-id=\"84f0927\" data-element_type=\"column\" data-e-type=\"column\">\n\t\t\t<div class=\"elementor-widget-wrap elementor-element-populated\">\n\t\t\t\t\t\t<div class=\"elementor-element elementor-element-affc478 elementor-widget elementor-widget-text-editor\" data-id=\"affc478\" data-element_type=\"widget\" data-e-type=\"widget\" data-widget_type=\"text-editor.default\">\n\t\t\t\t<div class=\"elementor-widget-container\">\n\t\t\t\t\t\t\t\t\t<p>Jessica Lerchenm\u00fcller, MA<br \/>jessica@vollmundig.org<\/p><p>\u00a0<\/p>\t\t\t\t\t\t\t\t<\/div>\n\t\t\t\t<\/div>\n\t\t\t\t\t<\/div>\n\t\t<\/div>\n\t\t\t\t\t<\/div>\n\t\t<\/section>\n\t\t\t\t<section class=\"elementor-section elementor-top-section elementor-element elementor-element-4bcd03b elementor-section-boxed elementor-section-height-default elementor-section-height-default\" data-id=\"4bcd03b\" data-element_type=\"section\" data-e-type=\"section\">\n\t\t\t\t\t\t<div class=\"elementor-container elementor-column-gap-default\">\n\t\t\t\t\t<div class=\"elementor-column elementor-col-100 elementor-top-column elementor-element elementor-element-4beb216a\" data-id=\"4beb216a\" data-element_type=\"column\" data-e-type=\"column\">\n\t\t\t<div class=\"elementor-widget-wrap elementor-element-populated\">\n\t\t\t\t\t\t<div class=\"elementor-element elementor-element-5c267670 elementor-align-center elementor-widget elementor-widget-button\" data-id=\"5c267670\" data-element_type=\"widget\" data-e-type=\"widget\" data-widget_type=\"button.default\">\n\t\t\t\t<div class=\"elementor-widget-container\">\n\t\t\t\t\t\t\t\t\t<div class=\"elementor-button-wrapper\">\n\t\t\t\t\t<a class=\"elementor-button elementor-button-link elementor-size-sm\" href=\"https:\/\/www.vollmundig.org\/home\/leistungen\/\">\n\t\t\t\t\t\t<span class=\"elementor-button-content-wrapper\">\n\t\t\t\t\t\t\t\t\t<span class=\"elementor-button-text\">Mein Angebot<\/span>\n\t\t\t\t\t<\/span>\n\t\t\t\t\t<\/a>\n\t\t\t\t<\/div>\n\t\t\t\t\t\t\t\t<\/div>\n\t\t\t\t<\/div>\n\t\t\t\t\t<\/div>\n\t\t<\/div>\n\t\t\t\t\t<\/div>\n\t\t<\/section>\n\t\t\t\t<\/div>\n\t\t","protected":false},"excerpt":{"rendered":"<p>Lust, gemeinsam Ideen zum Leben zu erwecken? Jessica Lerchenm\u00fcller, MAjessica@vollmundig.org \u00a0 Mein Angebot<\/p>\n","protected":false},"author":1,"featured_media":0,"parent":0,"menu_order":0,"comment_status":"closed","ping_status":"closed","template":"","meta":{"om_disable_all_campaigns":false,"_monsterinsights_skip_tracking":false,"_monsterinsights_sitenote_active":false,"_monsterinsights_sitenote_note":"","_monsterinsights_sitenote_category":0,"jetpack_post_was_ever_published":false,"footnotes":""},"class_list":["post-9262","page","type-page","status-publish","hentry"],"jetpack_sharing_enabled":true,"jetpack_shortlink":"https:\/\/wp.me\/PdBgcz-2po","jetpack-related-posts":[{"id":1162,"url":"https:\/\/www.vollmundig.org\/home\/leistungen\/","url_meta":{"origin":9262,"position":0},"title":"Leistungen","author":"Jess","date":"14. November 2015","format":false,"excerpt":"Zusammen Ideen zum Leben erwecken Food Fotografie - Video Content - Workshops - Reisereportagen\u00a0 Rezepte, die direkt in die Geschmacksknospen treffen. Seit 2016 erwecke ich Tischgeschichten zum Leben und entwickle f\u00fcr meine Kunden und Community geschmackvolle Rezepte zu bestimmten Themen und Anl\u00e4ssen \u2013 mit sorgf\u00e4ltig ausgew\u00e4hlten Produkten.Von der Rezeptentwicklung \u00fcber\u2026","rel":"","context":"Mit 1 Kommentar","block_context":{"text":"Mit 1 Kommentar","link":"https:\/\/www.vollmundig.org\/home\/leistungen\/#comments"},"img":{"alt_text":"","src":"https:\/\/i0.wp.com\/www.vollmundig.org\/home\/wp-content\/uploads\/2025\/09\/0M7A6848-Bearbeitet-2.jpg?resize=350%2C200&ssl=1","width":350,"height":200,"srcset":"https:\/\/i0.wp.com\/www.vollmundig.org\/home\/wp-content\/uploads\/2025\/09\/0M7A6848-Bearbeitet-2.jpg?resize=350%2C200&ssl=1 1x, https:\/\/i0.wp.com\/www.vollmundig.org\/home\/wp-content\/uploads\/2025\/09\/0M7A6848-Bearbeitet-2.jpg?resize=525%2C300&ssl=1 1.5x, https:\/\/i0.wp.com\/www.vollmundig.org\/home\/wp-content\/uploads\/2025\/09\/0M7A6848-Bearbeitet-2.jpg?resize=700%2C400&ssl=1 2x, https:\/\/i0.wp.com\/www.vollmundig.org\/home\/wp-content\/uploads\/2025\/09\/0M7A6848-Bearbeitet-2.jpg?resize=1050%2C600&ssl=1 3x, https:\/\/i0.wp.com\/www.vollmundig.org\/home\/wp-content\/uploads\/2025\/09\/0M7A6848-Bearbeitet-2.jpg?resize=1400%2C800&ssl=1 4x"},"classes":[]},{"id":146,"url":"https:\/\/www.vollmundig.org\/home\/about-vollmundig\/","url_meta":{"origin":9262,"position":1},"title":"\u00dcBER MICH","author":"Jess","date":"15. M\u00e4rz 2015","format":false,"excerpt":"Hi, ich bin Jessie \u2013 Gr\u00fcnderin von vollmundig. IIch ich bin im westlichsten Bundesland \u00d6sterreichs \u2013 zwischen urbanem Flair, traumhafter Bergkulisse und l\u00e4ndlichem Einfluss aufgewachsen. Umgeben von Obstb\u00e4umen, Gem\u00fcseg\u00e4rten und Wildkr\u00e4utern in den Bergen, entdeckte ich w\u00e4hrend meines Master Studiums nicht nur die Leidenschaft f\u00fcr Kulinarik, sondern auch die Lust\u2026","rel":"","context":"Mit 3 Kommentaren","block_context":{"text":"Mit 3 Kommentaren","link":"https:\/\/www.vollmundig.org\/home\/about-vollmundig\/#comments"},"img":{"alt_text":"","src":"https:\/\/i0.wp.com\/www.vollmundig.org\/home\/wp-content\/uploads\/2025\/09\/DJI_20240121103446_0347_D-e1758640658520.jpg?resize=350%2C200&ssl=1","width":350,"height":200,"srcset":"https:\/\/i0.wp.com\/www.vollmundig.org\/home\/wp-content\/uploads\/2025\/09\/DJI_20240121103446_0347_D-e1758640658520.jpg?resize=350%2C200&ssl=1 1x, https:\/\/i0.wp.com\/www.vollmundig.org\/home\/wp-content\/uploads\/2025\/09\/DJI_20240121103446_0347_D-e1758640658520.jpg?resize=525%2C300&ssl=1 1.5x, https:\/\/i0.wp.com\/www.vollmundig.org\/home\/wp-content\/uploads\/2025\/09\/DJI_20240121103446_0347_D-e1758640658520.jpg?resize=700%2C400&ssl=1 2x, https:\/\/i0.wp.com\/www.vollmundig.org\/home\/wp-content\/uploads\/2025\/09\/DJI_20240121103446_0347_D-e1758640658520.jpg?resize=1050%2C600&ssl=1 3x, https:\/\/i0.wp.com\/www.vollmundig.org\/home\/wp-content\/uploads\/2025\/09\/DJI_20240121103446_0347_D-e1758640658520.jpg?resize=1400%2C800&ssl=1 4x"},"classes":[]},{"id":9266,"url":"https:\/\/www.vollmundig.org\/home\/impressum-2\/","url_meta":{"origin":9262,"position":2},"title":"IMPRESSUM","author":"Jessie","date":"26. November 2021","format":false,"excerpt":"impressum Informationspflicht laut\u00a0\u00a75 E-Commerce Gesetz, \u00a714 Unternehmensgesetzbuch, \u00a763 Gewerbeordnung und Offenlegungspflicht laut \u00a725 Mediengesetz.\u00a0vollmundigJessica Lerchenm\u00fcller Widagasse 11,6850 Dornbirn,\u00a0\u00d6sterreichUnternehmensgegenstand: Werbeagentur Tel.: 06769088232E-Mail: jessica@vollmundig.orgMitglied bei: WKO, Vorarlberg Berufsrecht: Gewerbeordnung www.ris.bka.gv.at Aufsichtsbeh\u00f6rde\/Gewerbebeh\u00f6rde: Bezirkshauptmannschaft DornbirnBerufsbezeichnung: digitales Projektmanagement\u00a0Verleihungsstaat: \u00d6sterreich Quelle: Erstellt mit dem Impressum Generator von firmenwebseiten.at EU-Streitschlichtung Gem\u00e4\u00df Verordnung \u00fcber Online-Streitbeilegung in Verbraucherangelegenheiten (ODR-Verordnung)\u2026","rel":"","context":"\u00c4hnlicher Beitrag","block_context":{"text":"\u00c4hnlicher Beitrag","link":""},"img":{"alt_text":"","src":"https:\/\/i0.wp.com\/www.vollmundig.org\/vollmundig\/wp-content\/uploads\/2021\/12\/website_block_438x600-1037170-scaled.jpg?resize=350%2C200","width":350,"height":200,"srcset":"https:\/\/i0.wp.com\/www.vollmundig.org\/vollmundig\/wp-content\/uploads\/2021\/12\/website_block_438x600-1037170-scaled.jpg?resize=350%2C200 1x, https:\/\/i0.wp.com\/www.vollmundig.org\/vollmundig\/wp-content\/uploads\/2021\/12\/website_block_438x600-1037170-scaled.jpg?resize=525%2C300 1.5x, https:\/\/i0.wp.com\/www.vollmundig.org\/vollmundig\/wp-content\/uploads\/2021\/12\/website_block_438x600-1037170-scaled.jpg?resize=700%2C400 2x, https:\/\/i0.wp.com\/www.vollmundig.org\/vollmundig\/wp-content\/uploads\/2021\/12\/website_block_438x600-1037170-scaled.jpg?resize=1050%2C600 3x, https:\/\/i0.wp.com\/www.vollmundig.org\/vollmundig\/wp-content\/uploads\/2021\/12\/website_block_438x600-1037170-scaled.jpg?resize=1400%2C800 4x"},"classes":[]},{"id":344,"url":"https:\/\/www.vollmundig.org\/home\/impressum\/","url_meta":{"origin":9262,"position":3},"title":"Impressum","author":"Jess","date":"15. Mai 2015","format":false,"excerpt":"vollmundig ist ein privater und unabh\u00e4ngiger Blog. Kontakt und verantwortlich f\u00fcr den Inhalt: Jessica Lerchenm\u00fcller vollmundigoffice@gmail.com Adresse auf Anfrage Copyright Ich widerspreche jeder kommerziellen Verwendung und Weitergabe meiner Daten. Die Bildrechte s\u00e4mtlicher im Blog gezeigter Bilder liegen bei der Autorin. Haftung Die Inhalte dieses Webprojektes wurden sorgf\u00e4ltig gepr\u00fcft und nach\u2026","rel":"","context":"\u00c4hnlicher Beitrag","block_context":{"text":"\u00c4hnlicher Beitrag","link":""},"img":{"alt_text":"","src":"","width":0,"height":0},"classes":[]},{"id":8728,"url":"https:\/\/www.vollmundig.org\/home\/","url_meta":{"origin":9262,"position":4},"title":"HOME","author":"Jessie","date":"14. November 2021","format":false,"excerpt":"vollmundig Ein Food & Travel Blog vollmundig ist ein Foodblog aus Vorarlberg, inspiriert von Natur und Reisen. Neben kreativen Rezepten geh\u00f6ren auch kulinarische Reisereportagen zum fixen Bestandteil des Blogs. Seit 2016 erwecke ich nicht nur Tischgeschichten zum leben, sondern entwickle auch geschmackvolle Rezepte mit bestimmten Produkten, zu bestimmten Themen oder\u2026","rel":"","context":"\u00c4hnlicher Beitrag","block_context":{"text":"\u00c4hnlicher Beitrag","link":""},"img":{"alt_text":"","src":"https:\/\/i0.wp.com\/www.vollmundig.org\/home\/wp-content\/uploads\/2025\/09\/A9A5260-3_Cover.png?resize=350%2C200&ssl=1","width":350,"height":200,"srcset":"https:\/\/i0.wp.com\/www.vollmundig.org\/home\/wp-content\/uploads\/2025\/09\/A9A5260-3_Cover.png?resize=350%2C200&ssl=1 1x, https:\/\/i0.wp.com\/www.vollmundig.org\/home\/wp-content\/uploads\/2025\/09\/A9A5260-3_Cover.png?resize=525%2C300&ssl=1 1.5x, https:\/\/i0.wp.com\/www.vollmundig.org\/home\/wp-content\/uploads\/2025\/09\/A9A5260-3_Cover.png?resize=700%2C400&ssl=1 2x, https:\/\/i0.wp.com\/www.vollmundig.org\/home\/wp-content\/uploads\/2025\/09\/A9A5260-3_Cover.png?resize=1050%2C600&ssl=1 3x, https:\/\/i0.wp.com\/www.vollmundig.org\/home\/wp-content\/uploads\/2025\/09\/A9A5260-3_Cover.png?resize=1400%2C800&ssl=1 4x"},"classes":[]},{"id":8634,"url":"https:\/\/www.vollmundig.org\/home\/rezepte\/","url_meta":{"origin":9262,"position":5},"title":"REZEPTE","author":"Jessie","date":"14. November 2021","format":false,"excerpt":"Rezepte f\u00fcr jeden Tag Gutes Essen bringt Menschen zusammen. Gemeinsam am Tisch zu sitzen, versunken in gute Gespr\u00e4che, l\u00e4sst Stunden wie im Flug vergehen. Ich liebe es, Tischgeschichten zum Leben zu erwecken.","rel":"","context":"\u00c4hnlicher Beitrag","block_context":{"text":"\u00c4hnlicher Beitrag","link":""},"img":{"alt_text":"","src":"https:\/\/i0.wp.com\/www.vollmundig.org\/home\/wp-content\/uploads\/2025\/09\/A9A5267-2-e1757923328734.jpg?resize=350%2C200&ssl=1","width":350,"height":200,"srcset":"https:\/\/i0.wp.com\/www.vollmundig.org\/home\/wp-content\/uploads\/2025\/09\/A9A5267-2-e1757923328734.jpg?resize=350%2C200&ssl=1 1x, https:\/\/i0.wp.com\/www.vollmundig.org\/home\/wp-content\/uploads\/2025\/09\/A9A5267-2-e1757923328734.jpg?resize=525%2C300&ssl=1 1.5x, https:\/\/i0.wp.com\/www.vollmundig.org\/home\/wp-content\/uploads\/2025\/09\/A9A5267-2-e1757923328734.jpg?resize=700%2C400&ssl=1 2x, https:\/\/i0.wp.com\/www.vollmundig.org\/home\/wp-content\/uploads\/2025\/09\/A9A5267-2-e1757923328734.jpg?resize=1050%2C600&ssl=1 3x, https:\/\/i0.wp.com\/www.vollmundig.org\/home\/wp-content\/uploads\/2025\/09\/A9A5267-2-e1757923328734.jpg?resize=1400%2C800&ssl=1 4x"},"classes":[]}],"jetpack_likes_enabled":true,"_links":{"self":[{"href":"https:\/\/www.vollmundig.org\/home\/wp-json\/wp\/v2\/pages\/9262","targetHints":{"allow":["GET"]}}],"collection":[{"href":"https:\/\/www.vollmundig.org\/home\/wp-json\/wp\/v2\/pages"}],"about":[{"href":"https:\/\/www.vollmundig.org\/home\/wp-json\/wp\/v2\/types\/page"}],"author":[{"embeddable":true,"href":"https:\/\/www.vollmundig.org\/home\/wp-json\/wp\/v2\/users\/1"}],"replies":[{"embeddable":true,"href":"https:\/\/www.vollmundig.org\/home\/wp-json\/wp\/v2\/comments?post=9262"}],"version-history":[{"count":31,"href":"https:\/\/www.vollmundig.org\/home\/wp-json\/wp\/v2\/pages\/9262\/revisions"}],"predecessor-version":[{"id":14371,"href":"https:\/\/www.vollmundig.org\/home\/wp-json\/wp\/v2\/pages\/9262\/revisions\/14371"}],"wp:attachment":[{"href":"https:\/\/www.vollmundig.org\/home\/wp-json\/wp\/v2\/media?parent=9262"}],"curies":[{"name":"wp","href":"https:\/\/api.w.org\/{rel}","templated":true}]}}