{"id":9266,"date":"2021-11-26T19:49:48","date_gmt":"2021-11-26T18:49:48","guid":{"rendered":"http:\/\/www.vollmundig.org\/vollmundig\/?page_id=9266"},"modified":"2021-12-16T17:23:30","modified_gmt":"2021-12-16T16:23:30","slug":"impressum-2","status":"publish","type":"page","link":"https:\/\/www.vollmundig.org\/home\/impressum-2\/","title":{"rendered":"IMPRESSUM"},"content":{"rendered":"\t\t<div data-elementor-type=\"wp-page\" data-elementor-id=\"9266\" class=\"elementor elementor-9266\">\n\t\t\t\t\t\t<section class=\"elementor-section elementor-top-section elementor-element elementor-element-74413740 elementor-section-full_width elementor-section-height-default elementor-section-height-default\" data-id=\"74413740\" data-element_type=\"section\" data-e-type=\"section\">\n\t\t\t\t\t\t<div class=\"elementor-container elementor-column-gap-no\">\n\t\t\t\t\t<div class=\"elementor-column elementor-col-100 elementor-top-column elementor-element elementor-element-3216fe00\" data-id=\"3216fe00\" data-element_type=\"column\" data-e-type=\"column\">\n\t\t\t<div class=\"elementor-widget-wrap elementor-element-populated\">\n\t\t\t\t\t\t<div class=\"elementor-element elementor-element-22dd2f84 elementor-invisible elementor-widget elementor-widget-image\" data-id=\"22dd2f84\" data-element_type=\"widget\" data-e-type=\"widget\" data-settings=\"{&quot;_animation&quot;:&quot;fadeInUp&quot;}\" data-widget_type=\"image.default\">\n\t\t\t\t<div class=\"elementor-widget-container\">\n\t\t\t\t\t\t\t\t\t\t\t\t\t\t\t<img fetchpriority=\"high\" decoding=\"async\" data-attachment-id=\"10661\" data-permalink=\"https:\/\/www.vollmundig.org\/home\/impressum-2\/website_block_438x600-1037170\/\" data-orig-file=\"https:\/\/i0.wp.com\/www.vollmundig.org\/home\/wp-content\/uploads\/2021\/12\/website_block_438x600-1037170-scaled.jpg?fit=2560%2C982&amp;ssl=1\" data-orig-size=\"2560,982\" data-comments-opened=\"1\" data-image-meta=\"{&quot;aperture&quot;:&quot;2.5&quot;,&quot;credit&quot;:&quot;&quot;,&quot;camera&quot;:&quot;D-Lux 7&quot;,&quot;caption&quot;:&quot;&quot;,&quot;created_timestamp&quot;:&quot;1628619007&quot;,&quot;copyright&quot;:&quot;&quot;,&quot;focal_length&quot;:&quot;10.9&quot;,&quot;iso&quot;:&quot;125&quot;,&quot;shutter_speed&quot;:&quot;0.005&quot;,&quot;title&quot;:&quot;&quot;,&quot;orientation&quot;:&quot;0&quot;}\" data-image-title=\"website_block_438x600-1037170\" data-image-description=\"\" data-image-caption=\"\" data-medium-file=\"https:\/\/i0.wp.com\/www.vollmundig.org\/home\/wp-content\/uploads\/2021\/12\/website_block_438x600-1037170-scaled.jpg?fit=300%2C115&amp;ssl=1\" data-large-file=\"https:\/\/i0.wp.com\/www.vollmundig.org\/home\/wp-content\/uploads\/2021\/12\/website_block_438x600-1037170-scaled.jpg?fit=800%2C307&amp;ssl=1\" width=\"2560\" height=\"982\" src=\"https:\/\/i0.wp.com\/www.vollmundig.org\/home\/wp-content\/uploads\/2021\/12\/website_block_438x600-1037170-scaled.jpg?fit=2560%2C982&amp;ssl=1\" class=\"attachment-full size-full wp-image-10661\" alt=\"\" srcset=\"https:\/\/i0.wp.com\/www.vollmundig.org\/home\/wp-content\/uploads\/2021\/12\/website_block_438x600-1037170-scaled.jpg?w=2560&amp;ssl=1 2560w, https:\/\/i0.wp.com\/www.vollmundig.org\/home\/wp-content\/uploads\/2021\/12\/website_block_438x600-1037170-scaled.jpg?resize=300%2C115&amp;ssl=1 300w, https:\/\/i0.wp.com\/www.vollmundig.org\/home\/wp-content\/uploads\/2021\/12\/website_block_438x600-1037170-scaled.jpg?resize=1024%2C393&amp;ssl=1 1024w, https:\/\/i0.wp.com\/www.vollmundig.org\/home\/wp-content\/uploads\/2021\/12\/website_block_438x600-1037170-scaled.jpg?resize=768%2C295&amp;ssl=1 768w, https:\/\/i0.wp.com\/www.vollmundig.org\/home\/wp-content\/uploads\/2021\/12\/website_block_438x600-1037170-scaled.jpg?resize=1536%2C589&amp;ssl=1 1536w, https:\/\/i0.wp.com\/www.vollmundig.org\/home\/wp-content\/uploads\/2021\/12\/website_block_438x600-1037170-scaled.jpg?resize=2048%2C786&amp;ssl=1 2048w, https:\/\/i0.wp.com\/www.vollmundig.org\/home\/wp-content\/uploads\/2021\/12\/website_block_438x600-1037170-scaled.jpg?w=1600&amp;ssl=1 1600w, https:\/\/i0.wp.com\/www.vollmundig.org\/home\/wp-content\/uploads\/2021\/12\/website_block_438x600-1037170-scaled.jpg?w=2400&amp;ssl=1 2400w\" sizes=\"(max-width: 800px) 100vw, 800px\" data-attachment-id=\"10661\" data-permalink=\"https:\/\/www.vollmundig.org\/home\/impressum-2\/website_block_438x600-1037170\/\" data-orig-file=\"https:\/\/i0.wp.com\/www.vollmundig.org\/home\/wp-content\/uploads\/2021\/12\/website_block_438x600-1037170-scaled.jpg?fit=2560%2C982&amp;ssl=1\" data-orig-size=\"2560,982\" data-comments-opened=\"1\" data-image-meta=\"{&quot;aperture&quot;:&quot;2.5&quot;,&quot;credit&quot;:&quot;&quot;,&quot;camera&quot;:&quot;D-Lux 7&quot;,&quot;caption&quot;:&quot;&quot;,&quot;created_timestamp&quot;:&quot;1628619007&quot;,&quot;copyright&quot;:&quot;&quot;,&quot;focal_length&quot;:&quot;10.9&quot;,&quot;iso&quot;:&quot;125&quot;,&quot;shutter_speed&quot;:&quot;0.005&quot;,&quot;title&quot;:&quot;&quot;,&quot;orientation&quot;:&quot;0&quot;}\" data-image-title=\"website_block_438x600-1037170\" data-image-description=\"\" data-image-caption=\"\" data-medium-file=\"https:\/\/i0.wp.com\/www.vollmundig.org\/home\/wp-content\/uploads\/2021\/12\/website_block_438x600-1037170-scaled.jpg?fit=300%2C115&amp;ssl=1\" data-large-file=\"https:\/\/i0.wp.com\/www.vollmundig.org\/home\/wp-content\/uploads\/2021\/12\/website_block_438x600-1037170-scaled.jpg?fit=800%2C307&amp;ssl=1\" \/>\t\t\t\t\t\t\t\t\t\t\t\t\t\t\t<\/div>\n\t\t\t\t<\/div>\n\t\t\t\t<div class=\"elementor-element elementor-element-4091378b elementor-widget elementor-widget-spacer\" data-id=\"4091378b\" data-element_type=\"widget\" data-e-type=\"widget\" data-widget_type=\"spacer.default\">\n\t\t\t\t<div class=\"elementor-widget-container\">\n\t\t\t\t\t\t\t<div class=\"elementor-spacer\">\n\t\t\t<div class=\"elementor-spacer-inner\"><\/div>\n\t\t<\/div>\n\t\t\t\t\t\t<\/div>\n\t\t\t\t<\/div>\n\t\t\t\t<div class=\"elementor-element elementor-element-1f000d61 elementor-invisible elementor-widget elementor-widget-heading\" data-id=\"1f000d61\" data-element_type=\"widget\" data-e-type=\"widget\" data-settings=\"{&quot;_animation&quot;:&quot;fadeInDown&quot;}\" data-widget_type=\"heading.default\">\n\t\t\t\t<div class=\"elementor-widget-container\">\n\t\t\t\t\t<h1 class=\"elementor-heading-title elementor-size-default\">impressum<\/h1>\t\t\t\t<\/div>\n\t\t\t\t<\/div>\n\t\t\t\t<div class=\"elementor-element elementor-element-5e3bb986 elementor-widget elementor-widget-spacer\" data-id=\"5e3bb986\" data-element_type=\"widget\" data-e-type=\"widget\" data-widget_type=\"spacer.default\">\n\t\t\t\t<div class=\"elementor-widget-container\">\n\t\t\t\t\t\t\t<div class=\"elementor-spacer\">\n\t\t\t<div class=\"elementor-spacer-inner\"><\/div>\n\t\t<\/div>\n\t\t\t\t\t\t<\/div>\n\t\t\t\t<\/div>\n\t\t\t\t\t<\/div>\n\t\t<\/div>\n\t\t\t\t\t<\/div>\n\t\t<\/section>\n\t\t\t\t<section class=\"elementor-section elementor-top-section elementor-element elementor-element-9f7d0c7 elementor-section-boxed elementor-section-height-default elementor-section-height-default\" data-id=\"9f7d0c7\" data-element_type=\"section\" data-e-type=\"section\">\n\t\t\t\t\t\t<div class=\"elementor-container elementor-column-gap-default\">\n\t\t\t\t\t<div class=\"elementor-column elementor-col-100 elementor-top-column elementor-element elementor-element-f5a3c99\" data-id=\"f5a3c99\" data-element_type=\"column\" data-e-type=\"column\">\n\t\t\t<div class=\"elementor-widget-wrap elementor-element-populated\">\n\t\t\t\t\t\t<div class=\"elementor-element elementor-element-6537716 elementor-widget elementor-widget-text-editor\" data-id=\"6537716\" data-element_type=\"widget\" data-e-type=\"widget\" data-widget_type=\"text-editor.default\">\n\t\t\t\t<div class=\"elementor-widget-container\">\n\t\t\t\t\t\t\t\t\t<p>Informationspflicht laut\u00a0<span style=\"color: var( --e-global-color-text ); letter-spacing: 0px; background-color: var( --e-global-color-9042db2 );\">\u00a75 E-Commerce Gesetz, \u00a714 Unternehmensgesetzbuch, \u00a763 Gewerbeordnung und Offenlegungspflicht laut \u00a725 Mediengesetz.\u00a0<\/span><\/p><p><span style=\"color: var( --e-global-color-text ); letter-spacing: 0px; background-color: var( --e-global-color-9042db2 );\">vollmundig<br \/>Jessica Lerchenm\u00fcller <br \/>Widagasse 11,<\/span><span style=\"color: var( --e-global-color-text ); letter-spacing: 0px; background-color: var( --e-global-color-9042db2 );\"><br \/>6850 Dornbirn,\u00a0<br \/><\/span><span style=\"background-color: var( --e-global-color-9042db2 ); color: var( --e-global-color-text ); letter-spacing: 0px;\">\u00d6sterreich<\/span><\/p><p><span style=\"background-color: var( --e-global-color-9042db2 ); color: var( --e-global-color-text ); letter-spacing: 0px;\"><b>Unternehmensgegenstand<\/b>: Werbeagentur <br \/><b>Tel.: <\/b>06769088232<br \/><b>E-Mail:<\/b> jessica@vollmundig.org<\/span><\/p><p><span style=\"background-color: var( --e-global-color-9042db2 ); color: var( --e-global-color-text ); letter-spacing: 0px;\"><b>Mitglied bei:<\/b> WKO, Vorarlberg <br \/><b>Berufsrecht:<\/b> Gewerbeordnung www.ris.bka.gv.at <br \/><b>Aufsichtsbeh\u00f6rde\/Gewerbebeh\u00f6rde:<\/b> Bezirkshauptmannschaft Dornbirn<br \/><b>Berufsbezeichnung<\/b>: digitales Projektmanagement\u00a0<\/span><\/p><p><span style=\"background-color: var( --e-global-color-9042db2 ); color: var( --e-global-color-text ); letter-spacing: 0px;\"><b>Verleihungsstaat<\/b>: \u00d6sterreich <br \/><b>Quelle: <\/b>Erstellt mit dem Impressum Generator von firmenwebseiten.at EU-Streitschlichtung Gem\u00e4\u00df Verordnung \u00fcber Online-Streitbeilegung in Verbraucherangelegenheiten (ODR-Verordnung) m\u00f6chten wir Sie \u00fcber die Online-Streitbeilegungsplattform (OS-Plattform) informieren. Verbraucher haben die M\u00f6glichkeit, Beschwerden an die Online Streitbeilegungsplattform der Europ\u00e4ischen Kommission unter http:\/\/ec.europa.eu\/odr?tid=221147603 zu richten. Die daf\u00fcr notwendigen Kontaktdaten finden Sie oberhalb in unserem Impressum.\u00a0<\/span><\/p><p><span style=\"background-color: var( --e-global-color-9042db2 ); color: var( --e-global-color-text ); letter-spacing: 0px;\">Wir m\u00f6chten Sie jedoch darauf hinweisen, dass wir nicht bereit oder verpflichtet sind, an Streitbeilegungsverfahren vor einer Verbraucherschlichtungsstelle teilzunehmen.\u00a0<\/span><\/p><p><span style=\"background-color: var( --e-global-color-9042db2 ); color: var( --e-global-color-text ); letter-spacing: 0px;\"><b>Haftung f\u00fcr Inhalte dieser Website\u00a0<\/b><br \/><\/span><span style=\"background-color: var( --e-global-color-9042db2 ); color: var( --e-global-color-text ); letter-spacing: 0px;\">Wir entwickeln die Inhalte dieser Webseite st\u00e4ndig weiter und bem\u00fchen uns korrekte und aktuelle Informationen bereitzustellen. Leider k\u00f6nnen wir keine Haftung f\u00fcr die Korrektheit aller Inhalte auf dieser Website \u00fcbernehmen, speziell f\u00fcr jene, die seitens Dritter bereitgestellt wurden. Sollten Ihnen problematische oder rechtswidrige Inhalte auffallen, bitte wir Sie uns umgehend zu kontaktieren, damit wir die rechtswidrigen Inhalte entfernen k\u00f6nnen. Sie finden die Kontaktdaten im Impressum.\u00a0<\/span><\/p><p><span style=\"background-color: var( --e-global-color-9042db2 ); color: var( --e-global-color-text ); letter-spacing: 0px;\"><b>Urheberrechtshinweis <\/b><br \/>Die Inhalte dieser Webseite (Bilder, Fotos, Texte, Videos) unterliegen dem Urheberrecht. Falls notwendig, werden wir die unerlaubte Nutzung von Teilen der Inhalte unserer Seite rechtlich verfolgen.<\/span><\/p><p><span style=\"background-color: var( --e-global-color-9042db2 ); color: var( --e-global-color-text ); letter-spacing: 0px;\"><b>Bildernachweis<\/b> <br \/>Die Bilder, Fotos und Grafiken auf dieser Webseite sind urheberrechtlich gesch\u00fctzt. Die Bilderrechte liegen bei der nachfolgend angef\u00fchrten Person: Jessica Lerchenm\u00fcller<\/span><\/p><p><span style=\"background-color: var( --e-global-color-9042db2 ); color: var( --e-global-color-text ); letter-spacing: 0px;\"><b>Haftung f\u00fcr Links auf dieser Webseite <\/b><br \/>Unsere Webseite enth\u00e4lt Links zu anderen Webseiten f\u00fcr deren Inhalt wir nicht verantwortlich sind. Haftung f\u00fcr verlinkte Websites besteht f\u00fcr uns nicht, da wir keine Kenntnis rechtswidriger T\u00e4tigkeiten hatten und haben, uns solche Rechtswidrigkeiten auch bisher nicht aufgefallen sind und wir Links sofort entfernen w\u00fcrden, wenn uns Rechtswidrigkeiten bekannt werden. Wenn Ihnen rechtswidrige Links auf unserer Website auffallen, bitte wir Sie uns zu kontaktieren. Sie finden die Kontaktdaten im Impressum.<\/span><\/p><p><span style=\"background-color: var( --e-global-color-9042db2 ); color: var( --e-global-color-text ); letter-spacing: 0px;\">\u00a0<\/span><\/p>\t\t\t\t\t\t\t\t<\/div>\n\t\t\t\t<\/div>\n\t\t\t\t\t<\/div>\n\t\t<\/div>\n\t\t\t\t\t<\/div>\n\t\t<\/section>\n\t\t\t\t<\/div>\n\t\t","protected":false},"excerpt":{"rendered":"<p>impressum Informationspflicht laut\u00a0\u00a75 E-Commerce Gesetz, \u00a714 Unternehmensgesetzbuch, \u00a763 Gewerbeordnung und Offenlegungspflicht laut \u00a725 Mediengesetz.\u00a0 vollmundigJessica Lerchenm\u00fcller Widagasse 11,6850 Dornbirn,\u00a0\u00d6sterreich Unternehmensgegenstand: Werbeagentur Tel.: 06769088232E-Mail: jessica@vollmundig.org Mitglied bei: WKO, Vorarlberg Berufsrecht: Gewerbeordnung www.ris.bka.gv.at Aufsichtsbeh\u00f6rde\/Gewerbebeh\u00f6rde: Bezirkshauptmannschaft DornbirnBerufsbezeichnung: digitales Projektmanagement\u00a0 Verleihungsstaat: \u00d6sterreich Quelle: Erstellt mit dem Impressum Generator von firmenwebseiten.at EU-Streitschlichtung Gem\u00e4\u00df Verordnung \u00fcber Online-Streitbeilegung in Verbraucherangelegenheiten (ODR-Verordnung) m\u00f6chten [&hellip;]<\/p>\n","protected":false},"author":1,"featured_media":0,"parent":0,"menu_order":0,"comment_status":"closed","ping_status":"closed","template":"","meta":{"om_disable_all_campaigns":false,"_monsterinsights_skip_tracking":false,"_monsterinsights_sitenote_active":false,"_monsterinsights_sitenote_note":"","_monsterinsights_sitenote_category":0,"jetpack_post_was_ever_published":false,"footnotes":""},"class_list":["post-9266","page","type-page","status-publish","hentry"],"jetpack_sharing_enabled":true,"jetpack_shortlink":"https:\/\/wp.me\/PdBgcz-2ps","jetpack-related-posts":[{"id":8659,"url":"https:\/\/www.vollmundig.org\/home\/our-story\/","url_meta":{"origin":9266,"position":0},"title":"Our Story","author":"Jessie","date":"14. November 2021","format":false,"excerpt":"baking with love over 2 decades a family tradition our story Malesuada fames ac turpis egestas integer eget aliquet nibh. Egestas maecenas pharetra convallis posuere morbi leo urna molestie at. Tellus rutrum tellus pellentesque eu tincidunt tortor aliquam nulla facilisi. Phasellus egestas tellus rutrum tellus pellentesque eu. Ipsum dolor sit\u2026","rel":"","context":"\u00c4hnlicher Beitrag","block_context":{"text":"\u00c4hnlicher Beitrag","link":""},"img":{"alt_text":"","src":"https:\/\/i0.wp.com\/www.vollmundig.org\/vollmundig\/wp-content\/uploads\/2021\/11\/87_Bread_Bakery-OurStoryPage-Hero.jpg?resize=350%2C200","width":350,"height":200,"srcset":"https:\/\/i0.wp.com\/www.vollmundig.org\/vollmundig\/wp-content\/uploads\/2021\/11\/87_Bread_Bakery-OurStoryPage-Hero.jpg?resize=350%2C200 1x, https:\/\/i0.wp.com\/www.vollmundig.org\/vollmundig\/wp-content\/uploads\/2021\/11\/87_Bread_Bakery-OurStoryPage-Hero.jpg?resize=525%2C300 1.5x"},"classes":[]},{"id":8691,"url":"https:\/\/www.vollmundig.org\/home\/home-4\/","url_meta":{"origin":9266,"position":1},"title":"Home","author":"Jessie","date":"14. November 2021","format":false,"excerpt":"kreativstudio Digital strategie | Content Kreation | Fotografie \u00fcber mich dajdslf\u00f6jas TEXT Meine ausgepr\u00e4gte Liebe f\u00fcr Fotographie und gutes Essen haben mich 2016 zur Food-Photography gebracht. Seither erwecke ich Tischgeschichten zum Leben. Angefangen von der Rezeptentwicklung, \u00fcber die Auswahl des passenden Settings und dem Styling bis hin zur Fotografie und\u2026","rel":"","context":"\u00c4hnlicher Beitrag","block_context":{"text":"\u00c4hnlicher Beitrag","link":""},"img":{"alt_text":"","src":"https:\/\/i0.wp.com\/www.vollmundig.org\/vollmundig\/wp-content\/uploads\/2021\/11\/87_Bread_Bakery-OurBreadSection-Img_1.jpg?resize=350%2C200","width":350,"height":200},"classes":[]},{"id":8723,"url":"https:\/\/www.vollmundig.org\/home\/about-us\/","url_meta":{"origin":9266,"position":2},"title":"About Us","author":"Jessie","date":"14. November 2021","format":false,"excerpt":"We Are a Ceramics Studio That Teaches You How to Make Ceramics The Right Way Join our workshop about handmade ceramics and create unique pieces that you can decorate with selected engobe glazes studio We Love to Craft and Teach Ceramics Lorem ipsum dolor sit amet, consectetur adipiscing elit, do\u2026","rel":"","context":"\u00c4hnlicher Beitrag","block_context":{"text":"\u00c4hnlicher Beitrag","link":""},"img":{"alt_text":"","src":"https:\/\/i0.wp.com\/www.vollmundig.org\/vollmundig\/wp-content\/uploads\/2021\/11\/AboutPage-Instructors_1.jpg?resize=350%2C200","width":350,"height":200},"classes":[]},{"id":8713,"url":"https:\/\/www.vollmundig.org\/home\/workshop-2\/","url_meta":{"origin":9266,"position":3},"title":"Workshop","author":"Jessie","date":"14. November 2021","format":false,"excerpt":"Master The Basics Lorem ipsum dolor sit amet, consectetur adipiscing elit, sed do eiusmod tempor incididunt labore et dolore magna aliqua. Ut enim ad minim veniam, quis nostrud exercitation ullamco laboris nisi ut aliquip ex ea commodo consequat. Lorem ipsum dolor sit amet Lorem ipsum dolor sit amet, consectetur adipiscing.\u2026","rel":"","context":"\u00c4hnlicher Beitrag","block_context":{"text":"\u00c4hnlicher Beitrag","link":""},"img":{"alt_text":"","src":"","width":0,"height":0},"classes":[]},{"id":8708,"url":"https:\/\/www.vollmundig.org\/home\/contact-us-3\/","url_meta":{"origin":9266,"position":4},"title":"Contact Us","author":"Jessie","date":"14. November 2021","format":false,"excerpt":"We Are Here to Help You! Call Us For a Free Consultation. Lorem ipsum dolor sit amet, consectetur adipiscing elit, sed do\u2028eiusmod tempor incididunt ut labore et dolore magna aliqua. Our Location There will be the address of there location Get In Touch 022-3952-496\u2028 email@example.com Openning Hours Opening Hours Mon-Fri:\u2026","rel":"","context":"\u00c4hnlicher Beitrag","block_context":{"text":"\u00c4hnlicher Beitrag","link":""},"img":{"alt_text":"","src":"","width":0,"height":0},"classes":[]},{"id":8652,"url":"https:\/\/www.vollmundig.org\/home\/contact-us-2\/","url_meta":{"origin":9266,"position":5},"title":"Contact Us","author":"Jessie","date":"14. November 2021","format":false,"excerpt":"get in touch You are welcome to visit our bakery and see our baking process for yourself. our baking process. For orders and sample requests, please call us or send us an email. Bakery Address: 52 Guild Street, London, EC2A 4LR Opening Hours: 7.00 a.m. - 4.00 p.m. Mon -\u2026","rel":"","context":"\u00c4hnlicher Beitrag","block_context":{"text":"\u00c4hnlicher Beitrag","link":""},"img":{"alt_text":"","src":"","width":0,"height":0},"classes":[]}],"jetpack_likes_enabled":true,"_links":{"self":[{"href":"https:\/\/www.vollmundig.org\/home\/wp-json\/wp\/v2\/pages\/9266","targetHints":{"allow":["GET"]}}],"collection":[{"href":"https:\/\/www.vollmundig.org\/home\/wp-json\/wp\/v2\/pages"}],"about":[{"href":"https:\/\/www.vollmundig.org\/home\/wp-json\/wp\/v2\/types\/page"}],"author":[{"embeddable":true,"href":"https:\/\/www.vollmundig.org\/home\/wp-json\/wp\/v2\/users\/1"}],"replies":[{"embeddable":true,"href":"https:\/\/www.vollmundig.org\/home\/wp-json\/wp\/v2\/comments?post=9266"}],"version-history":[{"count":40,"href":"https:\/\/www.vollmundig.org\/home\/wp-json\/wp\/v2\/pages\/9266\/revisions"}],"predecessor-version":[{"id":10724,"href":"https:\/\/www.vollmundig.org\/home\/wp-json\/wp\/v2\/pages\/9266\/revisions\/10724"}],"wp:attachment":[{"href":"https:\/\/www.vollmundig.org\/home\/wp-json\/wp\/v2\/media?parent=9266"}],"curies":[{"name":"wp","href":"https:\/\/api.w.org\/{rel}","templated":true}]}}